ppose -a*g = -k*g - 564. What are the prime factors of g?
3, 47
Suppose -3*r = -m - 55, 2*r - 40 = m + 20. Let l be (0 + -18)/((-3)/(5 + -8)). List the prime factors of -4*m/36 - 4/l.
2
Let q = 5054 + -2072. What are the prime factors of q?
2, 3, 7, 71
Suppose -x + 44 = 3*x + 2*v, -2*v + 24 = 2*x. Suppose -3*k + 14 = -x*k. List the prime factors of 2 - 280/(-4) - k.
2, 37
Let p(y) = y**2 + 10*y - 57. Suppose -7*m - 186 + 228 = 0. List the prime factors of p(m).
3, 13
List the prime factors of (-54705)/(-12) + ((-204)/(-48))/17.
47, 97
Suppose -5*r + 162 = 4*r. What are the prime factors of -1929*(-6 + 102/r)?
643
Let b = 740 - 733. Suppose 2*q + 12 = 6*q. Suppose d + 196 = q*z, -2*z - 326 = -b*z + d. What are the prime factors of z?
5, 13
Let m be 0 + 1 - 108/(-18). Suppose 2*g = m*g - 25. Suppose -g*x + 6*x = 88. What are the prime factors of x?
2, 11
Suppose 5*g - 17*c + 22*c = 67520, -12*g + c = -162113. List the prime factors of g.
3, 19, 79
Let o = 7639 + -1512. List the prime factors of o.
11, 557
What are the prime factors of (-3 - -13)/(-70) + 46888/14?
17, 197
Let p be ((-12)/(-8))/(1/(-12)). Let w be (p/12)/((-3)/(-4)). List the prime factors of (w - -2)/1 - (-189 - 17).
2, 103
Suppose 3*d = 15, 3*g - 116030 = -159*d + 161*d. List the prime factors of g.
2, 5, 967
Let d(x) = 6*x**3 + 2*x**2 - 1. Let g be d(1). What are the prime factors of (g/1 + -13)*(-58)/3?
2, 29
Suppose -187*p + 219*p - 94080 = 0. List the prime factors of p.
2, 3, 5, 7
Let o(q) = -9*q**3 + 2*q**2 + q - 8. Let h be o(-5). Suppose -j + 355 = -3*z, h = 5*j - z - 557. List the prime factors of j.
7
Suppose 128 + 1494 = 2*k. Let l = 479 + k. Suppose -4*y - 4*g + l - 462 = 0, g - 613 = -3*y. What are the prime factors of y?
7, 29
Let q(l) = -143*l + 35. Let m(u) = u**3 - 3*u**2 - 6*u + 2. Let c be m(2). What are the prime factors of q(c)?
3, 7, 97
Let c = 158 + -107. Let d = 230 + c. Suppose r - d = -2*p, r + 204 = -4*p + 761. List the prime factors of p.
2, 3, 23
Let v be 2*3/(-18)*-15. Suppose 0 = -v*t + 4 + 46. Suppose -692 = -t*p + 68. List the prime factors of p.
2, 19
Suppose 5*j - 2*w = 26608, j + 26*w - 5332 = 29*w. List the prime factors of j.
2, 5, 7, 19
Let i(u) = 304*u - 1. Let g(q) = 303*q - 1. Let d(l) = 2*g(l) - 3*i(l). What are the prime factors of d(-1)?
307
Let v(m) = 31*m - 4. Suppose -53*k - 15 = -48*k. Let z be v(k). Let i = z + 146. What are the prime factors of i?
7
Let m(x) = 254*x + 44. Let w be m(5). Suppose -10*y = -3746 - w. What are the prime factors of y?
2, 11, 23
Suppose 6*t + 10 = 11*t. Let v be (3/(-6))/(t/48). What are the prime factors of (-10)/(1/v*2)?
2, 3, 5
Let s = -54 - -50. Let j be 18 + 7 + -4 + s. Suppose -16*n + j*n - 74 = 0. List the prime factors of n.
2, 37
Let k be 3*(3 + -2) - 4. Let f(x) be the third derivative of -x**6/8 - x**5/60 - x**4/24 + 9*x**2. List the prime factors of f(k).
3, 5
Let l(y) = -4*y**3 - 19*y**2 - 20*y - 13. List the prime factors of l(-9).
2, 193
Let o = -1231 - -2278. Let v = o + -702. List the prime factors of v.
3, 5, 23
Let h be 10782*(-3 - (0 + -2)). What are the prime factors of h/((-54)/9) - 8?
1789
List the prime factors of 119176/(-12)*(-2 + 5/10).
14897
Let p = 18747 - 3245. List the prime factors of p.
2, 23, 337
Let g be (1 - 27/15)/(28/210). What are the prime factors of ((-107)/g + (-4)/(-24))*11?
2, 3, 11
Let h = 198 + 40. Suppose 4*m + h = -214. Let b = 201 + m. List the prime factors of b.
2, 11
Suppose -3*s - 36860 = -4*l, -4176 = -5*l - 5*s + 41934. List the prime factors of l.
2, 11, 419
Let a = -5229 + 11322. List the prime factors of a.
3, 677
List the prime factors of (-308)/(-198) + (4575680/(-18))/(-10).
2, 3, 19, 223
Let o be 1/(-4) - (-21)/4. Suppose 0 = -0*z + o*z - 5*p - 20, z + 4*p - 4 = 0. Suppose 0 = 4*v + z, 0 = -s + 6*s - 2*v - 442. What are the prime factors of s?
2, 11
Suppose 11*h = 12*h - 302. Suppose 0 = 27*a - 130 - h. List the prime factors of a.
2
Let t be ((-10)/4)/((5 - 8)/6). Suppose 809 = t*s - w - 649, -4*s - 3*w + 1155 = 0. Let u = -143 + s. List the prime factors of u.
2, 37
Let q(h) = -h - 5*h**3 - 48*h**2 + h**3 - 13 - h + 20*h**2. Let x(u) = -u**3 - u**2 - 1. Let z(j) = q(j) - 3*x(j). What are the prime factors of z(-25)?
2, 5
Suppose -x + 2*h - 76 = 0, 6*x - 273 = 9*x + 3*h. Let y = x - -234. What are the prime factors of y?
2, 37
List the prime factors of ((-6288)/5)/(4/(-50)).
2, 3, 5, 131
Suppose 3*p - 14 = p + 4*c, -p + 2 = -c. List the prime factors of (-14)/(-4)*((-510)/p - 4).
7, 83
Let p(i) = 4*i - 43. Let f be p(12). Let r be 35/f - 10/2. Suppose 0 = r*b - 177 + 1. List the prime factors of b.
2, 11
Let n = -10639 - -15118. Suppose -9*s - 447 = -n. What are the prime factors of s?
2, 7
Suppose -2*i + 5*p = -602, -2*i + 29*p = 34*p - 582. List the prime factors of i*4 - 11/(-66)*-6.
7, 13
Suppose -112 + 126 = 7*r. Suppose -4*l + 5*u + 6 = -r, -4*l + 8 = -u. What are the prime factors of l?
2
Let y = 7774 + -6472. What are the prime factors of y?
2, 3, 7, 31
Suppose -10 = -3*u + 4*q, -2*u + 55 = u + 5*q. Let s = 7 + -32. List the prime factors of 45*-3*u/s.
2, 3
Suppose 53234 = 10*g - 21026. What are the prime factors of g?
2, 47, 79
What are the prime factors of 16975/(1 + 0/4)?
5, 7, 97
Let z = -990 + 3979. What are the prime factors of z?
7, 61
Suppose -369*d + 399*d - 348390 = 0. What are the prime factors of d?
3, 7, 79
Let q be (-4834)/(-4) + (-2)/4. Suppose 0 = -3*t + 4*r + q, 445 = 3*t + 4*r - 747. What are the prime factors of t?
2, 5
Suppose -5*z - 23 = 4*a + 6, 0 = -z + 5*a. Let l be (-22)/z + (-7)/5 + 1. Suppose 5*b = -4*d + 463, -50 = -l*b - 2*d + 324. List the prime factors of b.
5, 19
Let f be (-1 - (-5 - -4)) + -2 - -7. Suppose j + f*v - 1132 = 0, 17*j - 13*j + 3*v = 4613. What are the prime factors of j?
13, 89
What are the prime factors of (3010/8)/(-40 - (-35222)/880)?
2, 5, 7, 43
Suppose -5*m - 77596 = -244041. What are the prime factors of m?
33289
List the prime factors of (81 + -78 + (-296)/(-3))*57.
5, 19, 61
Suppose -5*c + a = -3*a - 20, 5*a = -c - 25. Suppose c*w + 4*w = 0. Suppose 0 = 3*h + 4*t - 151, w*t = 4*h + 4*t - 208. List the prime factors of h.
3, 19
Suppose 35 = -0*j + j - 3*t, 2*t = -2. Let i = j + -38. Let p = 36 + i. List the prime factors of p.
2, 3, 5
Suppose -4*u - 24 = -3*z, -4*u + u = -4*z + 39. Let c = 32 + 32. Let x = c - z. List the prime factors of x.
2, 13
Let q(k) = k**2 - 17*k + 35. Let b be q(15). Suppose b*v - 7 - 13 = 0. What are the prime factors of (v/(-12) - 0)/((-3)/27)?
3
Suppose 914 = 9*f - 31. List the prime factors of f.
3, 5, 7
Let t be ((-846)/(-10))/(((-153)/30)/(-17)). What are the prime factors of (t/188)/(1 + (-82)/88)?
2, 11
Suppose 47*r = 615361 + 252505 + 118429. What are the prime factors of r?
3, 5, 1399
What are the prime factors of ((-6636)/(-56))/((-8)/(-2240))?
2, 3, 5, 7, 79
Let s(g) = -g**2 + 4*g. Let d be s(3). Let l be (-299)/2*d*10/15. Let c = -173 - l. What are the prime factors of c?
2, 3, 7
Let f(z) = 143*z + 18. Suppose 2*c - 6 = -3*q - 0*c, c + 3 = 0. What are the prime factors of f(q)?
2, 5, 59
Let x(j) = 3*j**2 - 3*j. Let v be x(3). What are the prime factors of (-3)/v - 9157/(-6)?
2, 7, 109
Suppose -3*x + 2*z - 4376 = -845, x + 3*z = -1166. Let w = x + 1669. List the prime factors of w.
2, 13, 19
Let n = -8 - -6. Let q be 4 - (363/(-3) + n). Suppose -4*t + q = -353. What are the prime factors of t?
2, 3, 5
Let a(r) = 2*r - 12. Let h be a(8). Suppose -300 = -h*y - y. List the prime factors of y + (1 + 3 - 8).
2, 7
Let j(q) = -2*q**3 - 6*q**2 - 10*q - 3. List the prime factors of j(-18).
3, 3299
Let y(h) = -h**3 + 6*h**2 - 6*h + 7. Let o be y(5). Suppose 0 = o*f - 2*t, 2*f - 4 = f - t. What are the prime factors of 3975/105 - f/(-14)?
2, 19
Let f be (7 + 6 + -14)/(1/(-113)). Let l = 141 - f. Suppose 25*o + 99 = l*o. List the prime factors of o.
3, 11
Let a(v) = -4066*v - 1602. List the prime factors of a(-17).
2, 5, 211
Let h = 575 - 220. Suppose 2*l - h = -u, 5*u + l = u + 1385. List the prime factors of u.
3, 5, 23
Let d = -64 + 310. Let z = -210 + d. List the prime factors of z.
2, 3
Let l(v) be the third derivative of -3*v**4/8 + 7*v**3 + 7*v**2 + 2*v. What are the prime factors of l(-21)?
3, 7, 11
Let c = 38136 - -12316. What are the prime f